r of u and 266.
133
Let c(p) = -p**3 - 12*p**2 - 14*p. Let a be c(-11). Let b = 61847 - 61682. What is the greatest common factor of a and b?
33
Let b be (-53 - -45) + (0 - -12) - (-204 + -2). What is the highest common factor of b and 1330?
70
Let q = -4622 + 4702. What is the highest common divisor of q and 6620?
20
Suppose -225*a - 1530 = -259*a. Let i be 20 + (-3 - (1 + -2)). What is the highest common factor of a and i?
9
Suppose -874 = -9*w + 125 + 540. What is the greatest common divisor of 5073 and w?
57
Suppose 66*b - 38409 = 11*b + 47611. What is the highest common factor of 136 and b?
68
Let z be 12/(-18) + 24/9. Suppose 26*t = 5*t + 21. Calculate the greatest common factor of z and t.
1
Let b = -3682 - -3730. Calculate the highest common factor of 300 and b.
12
Let x(j) = 16*j - 16. Let v be x(10). Let n = 939 + -831. Calculate the greatest common divisor of n and v.
36
Let i(d) = -6*d**3 - 93*d**2 + 10*d + 202. Let u be i(-16). What is the highest common factor of 30 and u?
30
Let q = 23 - 15. Suppose -2*g - q = 0, -27 = -3*m - g + 14. Let s(w) = w**2 - 27*w + 195. Let u be s(12). What is the greatest common factor of m and u?
15
Suppose 8*o = -5809 + 6601. Let v(y) = -y**2 - 29*y - 45. Let p be v(-27). Calculate the highest common divisor of p and o.
9
Let r = 20240 + -10412. Calculate the greatest common factor of 189 and r.
189
Let y(w) = -2*w**2 - 31*w + 347. Let d be y(-21). Calculate the greatest common factor of d and 12.
4
Suppose 0 = -4*m + 16, -3*l = 3*m - 175 + 58. What is the greatest common factor of l and 6685?
35
Suppose 5*g + 329 = 4*n, 2*n - 3*g - 139 = 24. Suppose -n = 2*m - 4*m. Suppose 3*z - m - 29 = 0. Calculate the highest common divisor of z and 12.
12
Let f = 13 - 6. Suppose 52*a - 1641 - 179 = 0. Calculate the greatest common divisor of f and a.
7
Let j = 115 - -400. Let g = 524 - j. Calculate the greatest common factor of 1 and g.
1
Suppose -2*z - 4 = 0, c + 0*z = -5*z - 42. Let t be (-3)/(3/2) - c. Suppose -54*n + 2536 + 1514 = 0. Calculate the highest common factor of n and t.
15
Let v be (-23)/(-3)*(157 + 1054/(-34)). What is the highest common divisor of 56 and v?
14
Suppose 0 = -224*j + 396 + 6324. Calculate the highest common factor of 5440 and j.
10
Suppose -2*d = -d + 8. Let f be 378/24 - 2/d. Suppose -4*n - n + 80 = 0. Calculate the greatest common factor of f and n.
16
Let a(d) = 13*d**2 - 83*d + 64. Let j(u) = 3*u**2 - 21*u + 16. Let n(q) = 2*a(q) - 9*j(q). Let g be n(21). Calculate the greatest common divisor of g and 221.
13
Suppose 4*x - 4*g - 551 = -91, 3*g = -12. Let r = x - 76. What is the highest common factor of r and 385?
35
Suppose -25*z - 75 = 175. Let r be (-4802)/z + 17/(-85). What is the greatest common divisor of r and 30?
30
Let b(f) = -42*f + 177. Let m(n) = -40*n + 177. Let j(d) = -4*b(d) + 5*m(d). Let t be j(0). Calculate the highest common factor of t and 59.
59
Let b = 14102 - 6582. Calculate the highest common divisor of 160 and b.
160
Suppose -5*r = -w + 12, 0 = 2*r + 11 - 15. Calculate the highest common divisor of 297 and w.
11
Let w be (2 - (-52)/(-6))/((-25)/75). Suppose -42 = -3*i - b - 1, 25 = 5*b. Calculate the greatest common divisor of i and w.
4
Let g be 3/(-48)*-8 - 38/(-4). Let s(c) = 4*c - 35. Let l be s(g). What is the highest common divisor of 20 and l?
5
Suppose -2*p + 5*a + 113 = 0, -4*p + 211 = -0*p - 5*a. Suppose 6*q - 355 = -p. Suppose 2*t - 139 = q. What is the highest common divisor of 19 and t?
19
Suppose -114 = 5*h + 226. Let s = h + 85. Let t = 0 + s. What is the highest common factor of t and 153?
17
Suppose 2991*a + 216 = 2993*a. Suppose -2*s - 4*m - a = -490, -364 = -2*s + 5*m. Calculate the highest common factor of s and 51.
17
Suppose 56 - 140 = -3*w. Let i(t) = -t**3 - 20*t**2 + t + 24. Let q be i(-20). Suppose 6*p - q*p = 84. What is the greatest common factor of p and w?
14
Let j be 10/4*(-2)/5. Let q be (j + 1)/1 - -128. Suppose 25*a - q = 21*a. Calculate the highest common factor of 224 and a.
32
Suppose -25*v - 7 - 93 = 0. Let z be v*588/(-64)*4. Calculate the highest common factor of 196 and z.
49
Suppose -5*h + 35 = -0*h. Let b(i) = i**3 - 13*i**2 + 25*i + 51. Let w be b(11). Calculate the greatest common divisor of w and h.
7
Let o = -24 + 40. Let f = -19 + -33. Let j = 56 + f. Calculate the highest common divisor of o and j.
4
Let x be ((-29)/1)/((-7)/112). Let v = -260 + x. Calculate the greatest common factor of 12 and v.
12
Let a(f) = -200*f + 2443. Let q be a(12). Suppose 0 = 4*c - c - 129. Let z be c/((-2)/4*-2). What is the highest common factor of q and z?
43
Let p = 12651 - 12609. Calculate the greatest common divisor of 1484 and p.
14
Let j(a) = a**3 + 39*a**2 + 331*a - 18. Let h be j(-19). Calculate the highest common factor of 11 and h.
11
Let d = -96 + 267. Let q = 153 - d. Let g be q/(-54) - (-59)/3. Calculate the highest common factor of 60 and g.
20
Let l = -185 + 562. Calculate the highest common factor of l and 13.
13
Let c be -21*(-6)/18 + -3. Let m be ((-36)/(-30))/(c/350). Calculate the highest common divisor of m and 21.
21
Let a = 413 - 413. Suppose a = -32*z + 318 + 354. What is the greatest common factor of 2 and z?
1
Suppose 0 = m - 4*a + 1, -3*a + 12 + 5 = -4*m. Let x be 1/m + (-244)/(-20). Suppose -3*k = 227 - 251. What is the highest common divisor of x and k?
4
Let w be (-120)/(-10) + -3 + -2. Suppose w*y + 128 = 11*y. What is the highest common divisor of 48 and y?
16
Let x be (40 - -1)/((-259)/217 - 42/(-35)). Calculate the highest common factor of x and 31.
31
Let x(m) = 4*m**3 - 63*m**2 - m - 233. Let n be x(16). What is the greatest common factor of n and 3017?
7
Suppose -n - 3*x = 142, -5*x + 102 = -n - 0*n. Let w(a) = -7*a**2 + 8*a - 8. Let s be w(7). Let b = n - s. Calculate the highest common factor of 21 and b.
21
Let x = -139 + 219. Suppose 821*a - 424*a + 960 = 417*a. What is the highest common divisor of x and a?
16
Let z be (-16)/(6/(-3)) + (3 - 10 - -341). Calculate the greatest common factor of 1170 and z.
18
Let j = -6459 + 6527. What is the highest common factor of 3791 and j?
17
Let x(h) = -5*h + 20. Let d be x(4). Suppose d = -5*a + j + 9, j = -a + 2*j + 5. What is the greatest common factor of 54 and a?
1
Let y = 354 - 354. Suppose 403 = 5*r - 3*x, y = -5*r + x + 471 - 70. Calculate the greatest common factor of r and 4.
4
Suppose -1081*c + 1019*c + 9486 = 0. Calculate the highest common divisor of 1139 and c.
17
Let w = -8 - -12. Suppose -83*x = -254845 + 246545. What is the greatest common divisor of w and x?
4
Suppose v + 2*d = 478, -264*d - 5 = -265*d. Calculate the highest common divisor of v and 360.
36
Let k be (-15)/(-32*4/(-16))*(-24)/3. What is the highest common divisor of 6675 and k?
15
Let d(h) = -17 - 24 + h**3 - 16 - 11*h + 16*h + 9*h**2 + 3. Let q be d(-6). Suppose 0 = -r + 1 + 15. What is the greatest common factor of r and q?
8
Suppose -68*o + 308 + 36 = -268. Calculate the highest common divisor of o and 31041.
9
Suppose 71*w + 16 = 67*w. Let g be (-14)/w*(-5 - (4 - 11)). What is the greatest common factor of g and 56?
7
Let p be (-4 + (-65)/(-10))/((-5)/30). Let r be ((-5)/p)/(-7 - (-4940)/705). What is the highest common divisor of r and 235?
47
Let o be ((-1848)/20)/(6/(-45)). What is the greatest common divisor of 22 and o?
11
Let r = 36227 - 25704. Calculate the highest common divisor of r and 17.
17
Let n = 4919 - 4855. Calculate the highest common factor of 1032 and n.
8
Suppose -82214*c = -82232*c + 11232. Calculate the highest common factor of c and 6396.
156
Let h be 0*1/(-6) + (-1 - -3). Let i be h + (-30)/(-2) + -2. Let z be i - (3 - (7 - 3) - -3). Calculate the greatest common factor of z and 91.
13
Let q(u) = 138*u - 1192. Let i be q(9). Calculate the greatest common factor of i and 585.
5
Let i = -18203 + 19316. Calculate the highest common factor of 3657 and i.
159
Let j = -163 - -214. Suppose 55*c = j*c + 4. Let f(h) = h**2 + 1. Let m be f(-1). What is the greatest common divisor of c and m?
1
Suppose -4*s - 4 = -2*s. Let t(m) = -50*m. Let i be t(s). Suppose -4566 + 24 - 4258 = -220*c. Calculate the highest common divisor of i and c.
20
Suppose 7*c = 4*w + 963, -13*c - 133 = -14*c - 4*w. Calculate the highest common divisor of c and 3973.
137
